{"id":204,"date":"2025-03-13T11:46:28","date_gmt":"2025-03-13T04:46:28","guid":{"rendered":"https:\/\/dongyhiepthanh.com\/?post_type=product&#038;p=204"},"modified":"2025-03-13T12:23:28","modified_gmt":"2025-03-13T05:23:28","slug":"tao-do","status":"publish","type":"product","link":"https:\/\/dongyhiepthanh.com\/index.php\/product\/tao-do\/","title":{"rendered":"T\u00e1o \u0111\u1ecf"},"content":{"rendered":"<p style=\"text-align: left;\">T\u00e1o \u0111\u1ecf, hay c\u00f2n \u0111\u01b0\u1ee3c g\u1ecdi v\u1edbi c\u00e1i t\u00ean quen thu\u1ed9c l\u00e0 t\u00e1o t\u00e0u, l\u00e0 m\u1ed9t lo\u1ea1i t\u00e1o \u0111\u01b0\u1ee3c s\u1ea5y kh\u00f4 v\u00e0 d\u00f9ng trong ch\u1ebf bi\u1ebfn m\u00f3n \u0103n v\u00e0 y h\u1ecdc c\u1ed5 truy\u1ec1n. S\u1edf d\u0129 t\u00e1o \u0111\u1ecf c\u00f3 t\u00ean g\u1ecdi nh\u01b0 v\u1eady l\u00e0 b\u1edfi v\u00ec ch\u00fang th\u01b0\u1eddng \u0111\u01b0\u1ee3c tr\u1ed3ng ph\u1ed5 bi\u1ebfn nh\u1ea5t \u1edf Trung Qu\u1ed1c, \u0111\u1eb7c bi\u1ec7t l\u00e0 t\u1ea1i c\u00e1c t\u1ec9nh H\u00e0 B\u1eafc, T\u00e2n C\u01b0\u01a1ng, T\u1ee9 Xuy\u00ean, V\u00e2n Nam,&#8230; Ngo\u00e0i ra, t\u00e1o \u0111\u1ecf c\u00f2n \u0111\u01b0\u1ee3c tr\u1ed3ng t\u1ea1i H\u00e0n Qu\u1ed1c v\u00e0 Nh\u1eadt B\u1ea3n.<\/p>\n<figure class=\"image\"><img decoding=\"async\" loading=\"lazy\" class=\"aligncenter\" src=\"https:\/\/cdn.nhathuoclongchau.com.vn\/unsafe\/https:\/\/cms-prod.s3-sgn09.fptcloud.com\/an_nhieu_tao_do_co_tot_khong_1_52b01607a7.jpg\" alt=\"\u0102n nhi\u1ec1u t\u00e1o \u0111\u1ecf c\u00f3 t\u1ed1t kh\u00f4ng? \" width=\"512\" height=\"422\" \/><figcaption><i>T\u00e1o \u0111\u1ecf &#8211; lo\u1ea1i th\u1ea7n d\u01b0\u1ee3c t\u1eeb thi\u00ean nhi\u00ean<\/i><\/figcaption><\/figure>\n<p style=\"text-align: left;\">T\u00e1o \u0111\u1ecf ch\u1ee9a l\u01b0\u1ee3ng calo th\u1ea5p nh\u01b0ng mang l\u1ea1i nhi\u1ec1u d\u01b0\u1ee1ng ch\u1ea5t cho c\u01a1 th\u1ec3 nh\u01b0 flavonoid, polysaccharid v\u00e0 axit triterpenic,&#8230; Ch\u00fang c\u00f3 th\u1ec3 gi\u00fap t\u0103ng c\u01b0\u1eddng h\u1ec7 mi\u1ec5n d\u1ecbch, gi\u1ea3m vi\u00eam nhi\u1ec5m, c\u1ea3i thi\u1ec7n ch\u1ee9c n\u0103ng gan, v\u00e0 h\u1ed7 tr\u1ee3 t\u0103ng l\u1ef1c c\u01a1. Ngo\u00e0i ra, t\u00e1o \u0111\u1ecf c\u0169ng cung c\u1ea5p c\u00e1c kho\u00e1ng ch\u1ea5t nh\u01b0 kali, photpho, canxi, magi\u00ea v\u00e0 c\u00e1c vitamin B ph\u1ee9c h\u1ee3p. V\u1edbi \u00edt calo v\u00e0 nhi\u1ec1u\u00a0ch\u1ea5t x\u01a1, t\u00e1o \u0111\u1ecf c\u0169ng l\u00e0 m\u1ed9t ph\u1ea7n quan tr\u1ecdng trong ch\u1ebf \u0111\u1ed9 \u0103n u\u1ed1ng c\u00e2n \u0111\u1ed1i v\u00e0 gi\u00fap duy tr\u00ec c\u00e2n n\u1eb7ng \u1ed5n \u0111\u1ecbnh.<\/p>\n","protected":false},"excerpt":{"rendered":"<p>T\u00e1o \u0111\u1ecf, hay c\u00f2n \u0111\u01b0\u1ee3c g\u1ecdi v\u1edbi c\u00e1i t\u00ean quen thu\u1ed9c l\u00e0 t\u00e1o t\u00e0u, l\u00e0 [&hellip;]<\/p>\n","protected":false},"featured_media":205,"template":"","meta":[],"product_cat":[15],"product_tag":[56,57,55],"aioseo_notices":[],"_links":{"self":[{"href":"https:\/\/dongyhiepthanh.com\/index.php\/wp-json\/wp\/v3\/product\/204"}],"collection":[{"href":"https:\/\/dongyhiepthanh.com\/index.php\/wp-json\/wp\/v3\/product"}],"about":[{"href":"https:\/\/dongyhiepthanh.com\/index.php\/wp-json\/wp\/v2\/types\/product"}],"wp:featuredmedia":[{"embeddable":true,"href":"https:\/\/dongyhiepthanh.com\/index.php\/wp-json\/wp\/v2\/media\/205"}],"wp:attachment":[{"href":"https:\/\/dongyhiepthanh.com\/index.php\/wp-json\/wp\/v2\/media?parent=204"}],"wp:term":[{"taxonomy":"product_cat","embeddable":true,"href":"https:\/\/dongyhiepthanh.com\/index.php\/wp-json\/wp\/v2\/product_cat?post=204"},{"taxonomy":"product_tag","embeddable":true,"href":"https:\/\/dongyhiepthanh.com\/index.php\/wp-json\/wp\/v2\/product_tag?post=204"}],"curies":[{"name":"wp","href":"https:\/\/api.w.org\/{rel}","templated":true}]}}